{"id":224,"date":"2023-04-02T07:22:44","date_gmt":"2023-04-02T07:22:44","guid":{"rendered":"https:\/\/www.vodotopoholesov.cz\/?page_id=224"},"modified":"2023-04-07T07:35:18","modified_gmt":"2023-04-07T07:35:18","slug":"regulace","status":"publish","type":"page","link":"https:\/\/www.vodotopoholesov.cz\/?page_id=224","title":{"rendered":"Regulace"},"content":{"rendered":"\n<p>Na\u0161e firma se zab\u00fdv\u00e1 <strong>regulac\u00ed jak mal\u00fdch topn\u00fdch okruh\u016f, a\u017e po v\u011bt\u0161\u00ed kotelny<\/strong>. D\u00e1 se \u0159\u00edct, \u017ee dle p\u0159\u00e1n\u00ed a po\u017eadavku z\u00e1kazn\u00edka dok\u00e1\u017eeme cokoli.<\/p>\n\n\n\n<figure class=\"wp-block-gallery has-nested-images columns-4 is-cropped wp-block-gallery-1 is-layout-flex wp-block-gallery-is-layout-flex\">\n<figure class=\"wp-block-image size-large\"><img fetchpriority=\"high\" decoding=\"async\" width=\"1024\" height=\"768\" data-id=\"244\" src=\"https:\/\/www.vodotopoholesov.cz\/wp-content\/uploads\/2023\/04\/IMG-8390-1024x768.jpg\" alt=\"\" class=\"wp-image-244\" srcset=\"https:\/\/www.vodotopoholesov.cz\/wp-content\/uploads\/2023\/04\/IMG-8390-1024x768.jpg 1024w, https:\/\/www.vodotopoholesov.cz\/wp-content\/uploads\/2023\/04\/IMG-8390-300x225.jpg 300w, https:\/\/www.vodotopoholesov.cz\/wp-content\/uploads\/2023\/04\/IMG-8390-768x576.jpg 768w, https:\/\/www.vodotopoholesov.cz\/wp-content\/uploads\/2023\/04\/IMG-8390-1536x1152.jpg 1536w, https:\/\/www.vodotopoholesov.cz\/wp-content\/uploads\/2023\/04\/IMG-8390-1140x855.jpg 1140w, https:\/\/www.vodotopoholesov.cz\/wp-content\/uploads\/2023\/04\/IMG-8390.jpg 2048w\" sizes=\"(max-width: 1024px) 100vw, 1024px\" \/><\/figure>\n\n\n\n<figure class=\"wp-block-image size-large\"><img decoding=\"async\" width=\"1024\" height=\"768\" data-id=\"249\" src=\"https:\/\/www.vodotopoholesov.cz\/wp-content\/uploads\/2023\/04\/IMG-8391-1024x768.jpg\" alt=\"\" class=\"wp-image-249\" srcset=\"https:\/\/www.vodotopoholesov.cz\/wp-content\/uploads\/2023\/04\/IMG-8391-1024x768.jpg 1024w, https:\/\/www.vodotopoholesov.cz\/wp-content\/uploads\/2023\/04\/IMG-8391-300x225.jpg 300w, https:\/\/www.vodotopoholesov.cz\/wp-content\/uploads\/2023\/04\/IMG-8391-768x576.jpg 768w, https:\/\/www.vodotopoholesov.cz\/wp-content\/uploads\/2023\/04\/IMG-8391-1536x1152.jpg 1536w, https:\/\/www.vodotopoholesov.cz\/wp-content\/uploads\/2023\/04\/IMG-8391-1140x855.jpg 1140w, https:\/\/www.vodotopoholesov.cz\/wp-content\/uploads\/2023\/04\/IMG-8391.jpg 2048w\" sizes=\"(max-width: 1024px) 100vw, 1024px\" \/><\/figure>\n\n\n\n<figure class=\"wp-block-image size-large\"><img decoding=\"async\" width=\"1024\" height=\"768\" data-id=\"246\" src=\"https:\/\/www.vodotopoholesov.cz\/wp-content\/uploads\/2023\/04\/IMG-8393-1024x768.jpg\" alt=\"\" class=\"wp-image-246\" srcset=\"https:\/\/www.vodotopoholesov.cz\/wp-content\/uploads\/2023\/04\/IMG-8393-1024x768.jpg 1024w, https:\/\/www.vodotopoholesov.cz\/wp-content\/uploads\/2023\/04\/IMG-8393-300x225.jpg 300w, https:\/\/www.vodotopoholesov.cz\/wp-content\/uploads\/2023\/04\/IMG-8393-768x576.jpg 768w, https:\/\/www.vodotopoholesov.cz\/wp-content\/uploads\/2023\/04\/IMG-8393-1536x1152.jpg 1536w, https:\/\/www.vodotopoholesov.cz\/wp-content\/uploads\/2023\/04\/IMG-8393-1140x855.jpg 1140w, https:\/\/www.vodotopoholesov.cz\/wp-content\/uploads\/2023\/04\/IMG-8393.jpg 2048w\" sizes=\"(max-width: 1024px) 100vw, 1024px\" \/><\/figure>\n\n\n\n<figure class=\"wp-block-image size-large\"><img loading=\"lazy\" decoding=\"async\" width=\"1024\" height=\"768\" data-id=\"245\" src=\"https:\/\/www.vodotopoholesov.cz\/wp-content\/uploads\/2023\/04\/IMG-8394-1024x768.jpg\" alt=\"\" class=\"wp-image-245\" srcset=\"https:\/\/www.vodotopoholesov.cz\/wp-content\/uploads\/2023\/04\/IMG-8394-1024x768.jpg 1024w, https:\/\/www.vodotopoholesov.cz\/wp-content\/uploads\/2023\/04\/IMG-8394-300x225.jpg 300w, https:\/\/www.vodotopoholesov.cz\/wp-content\/uploads\/2023\/04\/IMG-8394-768x576.jpg 768w, https:\/\/www.vodotopoholesov.cz\/wp-content\/uploads\/2023\/04\/IMG-8394-1536x1152.jpg 1536w, https:\/\/www.vodotopoholesov.cz\/wp-content\/uploads\/2023\/04\/IMG-8394-1140x855.jpg 1140w, https:\/\/www.vodotopoholesov.cz\/wp-content\/uploads\/2023\/04\/IMG-8394.jpg 2048w\" sizes=\"(max-width: 1024px) 100vw, 1024px\" \/><\/figure>\n\n\n\n<figure class=\"wp-block-image size-large\"><img loading=\"lazy\" decoding=\"async\" width=\"1024\" height=\"768\" data-id=\"247\" src=\"https:\/\/www.vodotopoholesov.cz\/wp-content\/uploads\/2023\/04\/IMG-8395-1024x768.jpg\" alt=\"\" class=\"wp-image-247\" srcset=\"https:\/\/www.vodotopoholesov.cz\/wp-content\/uploads\/2023\/04\/IMG-8395-1024x768.jpg 1024w, https:\/\/www.vodotopoholesov.cz\/wp-content\/uploads\/2023\/04\/IMG-8395-300x225.jpg 300w, https:\/\/www.vodotopoholesov.cz\/wp-content\/uploads\/2023\/04\/IMG-8395-768x576.jpg 768w, https:\/\/www.vodotopoholesov.cz\/wp-content\/uploads\/2023\/04\/IMG-8395-1536x1152.jpg 1536w, https:\/\/www.vodotopoholesov.cz\/wp-content\/uploads\/2023\/04\/IMG-8395-1140x855.jpg 1140w, https:\/\/www.vodotopoholesov.cz\/wp-content\/uploads\/2023\/04\/IMG-8395.jpg 2048w\" sizes=\"(max-width: 1024px) 100vw, 1024px\" \/><\/figure>\n\n\n\n<figure class=\"wp-block-image size-large\"><img loading=\"lazy\" decoding=\"async\" width=\"1024\" height=\"768\" data-id=\"248\" src=\"https:\/\/www.vodotopoholesov.cz\/wp-content\/uploads\/2023\/04\/IMG-8396-1-1024x768.jpg\" alt=\"\" class=\"wp-image-248\" srcset=\"https:\/\/www.vodotopoholesov.cz\/wp-content\/uploads\/2023\/04\/IMG-8396-1-1024x768.jpg 1024w, https:\/\/www.vodotopoholesov.cz\/wp-content\/uploads\/2023\/04\/IMG-8396-1-300x225.jpg 300w, https:\/\/www.vodotopoholesov.cz\/wp-content\/uploads\/2023\/04\/IMG-8396-1-768x576.jpg 768w, https:\/\/www.vodotopoholesov.cz\/wp-content\/uploads\/2023\/04\/IMG-8396-1-1536x1152.jpg 1536w, https:\/\/www.vodotopoholesov.cz\/wp-content\/uploads\/2023\/04\/IMG-8396-1-1140x855.jpg 1140w, https:\/\/www.vodotopoholesov.cz\/wp-content\/uploads\/2023\/04\/IMG-8396-1.jpg 2048w\" sizes=\"(max-width: 1024px) 100vw, 1024px\" \/><\/figure>\n\n\n\n<figure class=\"wp-block-image size-large\"><img loading=\"lazy\" decoding=\"async\" width=\"960\" height=\"540\" data-id=\"309\" src=\"https:\/\/www.vodotopoholesov.cz\/wp-content\/uploads\/2023\/04\/regulace.jpg\" alt=\"\" class=\"wp-image-309\" srcset=\"https:\/\/www.vodotopoholesov.cz\/wp-content\/uploads\/2023\/04\/regulace.jpg 960w, https:\/\/www.vodotopoholesov.cz\/wp-content\/uploads\/2023\/04\/regulace-300x169.jpg 300w, https:\/\/www.vodotopoholesov.cz\/wp-content\/uploads\/2023\/04\/regulace-768x432.jpg 768w\" sizes=\"(max-width: 960px) 100vw, 960px\" \/><\/figure>\n<\/figure>\n","protected":false},"excerpt":{"rendered":"<p>Na\u0161e firma se zab\u00fdv\u00e1 regulac\u00ed jak mal\u00fdch topn\u00fdch okruh\u016f, a\u017e po v\u011bt\u0161\u00ed kotelny. D\u00e1 se \u0159\u00edct, \u017ee dle p\u0159\u00e1n\u00ed a po\u017eadavku z\u00e1kazn\u00edka dok\u00e1\u017eeme cokoli.<\/p>\n","protected":false},"author":1,"featured_media":0,"parent":0,"menu_order":0,"comment_status":"closed","ping_status":"closed","template":"","meta":{"footnotes":""},"class_list":["post-224","page","type-page","status-publish","hentry"],"acf":[],"_links":{"self":[{"href":"https:\/\/www.vodotopoholesov.cz\/index.php?rest_route=\/wp\/v2\/pages\/224","targetHints":{"allow":["GET"]}}],"collection":[{"href":"https:\/\/www.vodotopoholesov.cz\/index.php?rest_route=\/wp\/v2\/pages"}],"about":[{"href":"https:\/\/www.vodotopoholesov.cz\/index.php?rest_route=\/wp\/v2\/types\/page"}],"author":[{"embeddable":true,"href":"https:\/\/www.vodotopoholesov.cz\/index.php?rest_route=\/wp\/v2\/users\/1"}],"replies":[{"embeddable":true,"href":"https:\/\/www.vodotopoholesov.cz\/index.php?rest_route=%2Fwp%2Fv2%2Fcomments&post=224"}],"version-history":[{"count":4,"href":"https:\/\/www.vodotopoholesov.cz\/index.php?rest_route=\/wp\/v2\/pages\/224\/revisions"}],"predecessor-version":[{"id":310,"href":"https:\/\/www.vodotopoholesov.cz\/index.php?rest_route=\/wp\/v2\/pages\/224\/revisions\/310"}],"wp:attachment":[{"href":"https:\/\/www.vodotopoholesov.cz\/index.php?rest_route=%2Fwp%2Fv2%2Fmedia&parent=224"}],"curies":[{"name":"wp","href":"https:\/\/api.w.org\/{rel}","templated":true}]}}